*v + 30*v + 191. Is v a composite number?
False
Let l(q) = 251*q + 26. Let w be l(-4). Is 9 + -5 - 5 - w a prime number?
True
Let d be ((-25395)/20)/(1/4). Let a = d + 3301. Let h = -811 - a. Is h prime?
True
Suppose 18*j - 15*j - 2*i = -1, 3*i = 15. Suppose -j*q = 7*q - 64690. Is q a composite number?
False
Let a = 30325 - -47582. Is a prime?
False
Let j be 3/1 - (-19)/(-19). Is (-7 - 1933 - -9)/(1 - j) prime?
True
Let r = -31542 - -62368. Let s = r - 21165. Is s composite?
False
Let o be (-15)/(-7 + 4) + 4. Suppose -o*g + 4082 = -4081. Is g prime?
True
Let l = 481057 + 79336. Is l a composite number?
False
Let y(w) = -84*w - 20. Let v be y(-8). Suppose v = 6*k - 1496. Is (-5)/(10/k)*(1 - 2) a prime number?
True
Suppose -90046 - 201924 = -14*q. Let i = 35818 - q. Is i prime?
False
Let f(d) = 7*d**3 + 5*d**2 + 3*d - 251. Is f(24) composite?
False
Suppose 0 = -2*q - 3*h + 1011, -h = 2*q - 602 - 415. Suppose 23*j = 18*j + q. Let a = j - 25. Is a composite?
True
Let i be 3/15*(2 - 2). Suppose i = -9*s - 75 - 132. Let q = 414 + s. Is q composite?
True
Let d(o) = o**2 + 2*o + 2527. Let k be d(0). Suppose -k + 8647 = 10*r. Suppose 0 = -11*z - z + r. Is z composite?
True
Let y(k) = -7*k**2 + 36*k + 36. Let i be y(6). Suppose 102*b - 105*b + 12147 = i. Is b a prime number?
True
Let i(k) = -k**2 + 8*k + 4. Let f = 15 + -3. Let g = f + -5. Is i(g) a composite number?
False
Suppose 5*s = -0*f + 5*f - 15, -5*s = 5*f + 15. Suppose f*q - 22 = -11*q. Is ((84/q)/(-3))/((-2)/19) composite?
True
Let f be ((-15)/4)/(87/348). Let z(x) = -x**3 - 4*x**2 + 3*x + 29. Is z(f) a composite number?
False
Suppose 3*z = 3, -5*l + 38152 = 4*z - 7*z. Suppose -17*u + 11460 = -l. Is u a prime number?
True
Let g = 148580 + -80979. Is g a composite number?
False
Let j = -128 + 921. Let l = 844 + j. Is l composite?
False
Let k(g) = 288*g**2 + 2*g - 1. Suppose 13 - 10 = 3*p. Let f be k(p). Suppose 0*h = -2*h - 5*d + f, -780 = -5*h - d. Is h a prime number?
True
Suppose 15*x = 439120 + 598540 - 262115. Is x prime?
False
Let p be 168/12 + (-2)/1. Suppose 10 = -5*q - 3*o, 8*q = 6*q + 2*o + p. Let n(h) = 536*h**2 + 1. Is n(q) a prime number?
False
Let z(g) = -g**3 + g**2 - 1. Let l(w) = 4*w**3 + 5*w**2 + 8*w - 6. Let m(q) = -l(q) - 3*z(q). Let i be m(-10). Let y = i - -180. Is y a composite number?
True
Is (-7 - -5)/((-2)/(-530636)*-4) a composite number?
True
Let o = -61 - -27. Let g = 1007 + o. Is g a prime number?
False
Let w = -14 + 31. Suppose -1 = 4*l - w. Suppose -a + 988 = 4*j - j, -l*j + 4 = 0. Is a a composite number?
True
Let u be (-1)/((-68)/16 + 4). Suppose -u*m + 8086 = -0*m + 2*j, -j - 10090 = -5*m. Is 4/18 + (m/27 - -2) prime?
False
Suppose -2*k + g = -4, -2*k - 2*g - g + 4 = 0. Let m be (82/(-6))/(k/(-6)). Suppose -2*q + 113 = -m. Is q prime?
False
Let h(a) = 3*a**2 - 28*a - 27. Let w = -13 - 6. Let s be h(w). Suppose -x + s + 849 = 0. Is x a prime number?
True
Let g = -19300 + 61857. Is g a composite number?
False
Is (2 - 4)*11985015/(-210) a prime number?
True
Let r be 7/(21/27)*(-4)/(-6). Let h(n) = -535*n + r - 4 - 5 - 3. Is h(-1) a prime number?
False
Let r(t) = 4*t**2 - t - 11. Let o = 19 - 14. Let d be (o/15)/((-2)/(-72)). Is r(d) a composite number?
True
Suppose 4*t + 3334 = o, 2*o - 7*o + 16585 = -3*t. Let r = 0 + o. Suppose 3*w - w - r = 0. Is w prime?
True
Suppose -10*m - 3 = -9*m. Let j(g) = -93*g**3 + 3*g**2 + 8*g + 7. Is j(m) a composite number?
False
Let t(s) = s**2 + 16*s + 12. Let c(x) = 2*x**2 + 32*x + 25. Let o(q) = 4*c(q) - 7*t(q). Let p = 127 - 114. Is o(p) composite?
True
Let l(w) = -5*w - 5. Let v be l(-7). Let r(k) = -v + 26 + 17 - 70*k. Is r(-3) a prime number?
True
Suppose -x = -2*p + 5, -24*p + 23*p + 7 = x. Suppose z - 9525 = -4*q, 0 = -4*z + 3*z + p*q + 9517. Is z composite?
False
Suppose -10 = -2*y - u + 12, 8 = 4*u. Let r(s) = 3*s**3 + 12*s**2 + 8*s - 161. Is r(y) a composite number?
True
Let g(k) = -2*k**2 - 8*k + 2. Let a be g(-4). Suppose -13 = -5*d + 7, d = -a*j + 1406. Is j composite?
False
Let t(d) = -71255*d + 239. Is t(-1) a composite number?
True
Let t be 8/28 - 1248/7. Let g = t + 295. Let c = g + -50. Is c composite?
False
Let v(r) = 1 + 2*r**2 - 12*r + 2*r - 11*r. Is v(-12) prime?
True
Suppose 2099 = 2*c + m, 0 = 29*c - 28*c - 4*m - 1045. Suppose 4*a + 3187 = 2*z + z, -z + 4*a + c = 0. Is z a composite number?
False
Let c(u) = 107*u**2 + 3*u - 15. Let b be 198/45*1*15/6. Suppose -b*g - 14 = -9*g. Is c(g) a composite number?
True
Let a = 64 - -102. Suppose h - 2*g - g + a = 0, 0 = 2*h + 2*g + 372. Let f = h + 512. Is f a prime number?
True
Let l(g) = -g**3 - 5 - 2 - 17*g**2 + 5 + 3 + 1 + 41*g. Is l(-25) composite?
True
Let q(r) = -11*r**3 + 37*r**2 + 174*r + 251. Is q(-24) a prime number?
False
Let x = -2 - -4. Suppose 0 = w + 5*g - 2 + 17, 0 = -4*w + 2*g + 6. Suppose -x*v + 260 + 1086 = w. Is v a composite number?
False
Suppose 0 = -d - 5*l - 6604 + 106866, d = -4*l + 100263. Is d a prime number?
True
Suppose -26*l + 31*l + 32*l = 2552741. Is l prime?
True
Let u(f) = 1266*f + 1199. Is u(34) a prime number?
False
Is (779/19 - 38) + 1*700498 composite?
True
Let i(x) = 0*x - 14*x - 75 + 95. Let g be i(-9). Let k = g - -41. Is k composite?
True
Let g = 31 - 26. Suppose 0 = 5*o + a - 39, 2*o + g + 1 = 5*a. Let c(b) = 26*b + 9. Is c(o) a composite number?
False
Let q = 45 - 38. Suppose -3592 = 3*n - q*n. Suppose 21*v - 23*v = -n. Is v a composite number?
False
Let v(k) = 7*k**3 - 26*k**2 - 51*k + 25. Let r(m) = -2*m**3 + m + 1. Let z(d) = 4*r(d) + v(d). Is z(-30) composite?
False
Suppose -53*r = -55*r - 4*y + 14582, -5*r - 5*y = -36425. Is r composite?
True
Let c = 633160 + -417407. Is c composite?
False
Is (-33703)/((33/132)/((-1)/4)) a prime number?
True
Let b be (-13)/(78/(-84))*1. Suppose b*j + 133075 = 39*j. Is j a composite number?
False
Let b(v) = 18*v**2 - 6*v + 12. Let o be b(4). Let r = 523 + o. Is r a prime number?
False
Suppose 18324 = 4*k - 2*a, 0 = 4*k - k - 5*a - 13757. Let o = -2696 + k. Is o a prime number?
False
Is 15 - (-265612 + 160/8) a composite number?
False
Let o(k) = -2*k**2 - 6*k - 3304. Let q(t) = t**2 + 4*t + 3305. Let c(w) = 2*o(w) + 3*q(w). Is c(0) a prime number?
True
Let h be -4*((-5)/2 + 0 + 2). Is 23 - -16038 - (1 + 1 + h) a prime number?
True
Let d(i) = -5*i**3 + 10*i**2 - 9*i + 69. Let f(l) = -2*l**3 - 44*l**2 - 39*l + 52. Let h be f(-21). Is d(h) composite?
True
Suppose -19*l + 7254275 = 16*l. Is l prime?
False
Suppose 226*k = -23*k + 27394233. Is k composite?
False
Suppose -b + 2*b - 3 = 0. Let d = -496 - -496. Is ((-1)/b)/((-1)/498 + d) a composite number?
True
Suppose 26 + 0 = 3*h + 4*i, -3*i = -15. Let p(z) = 1810*z + 1. Let q be p(1). Suppose h*x - x = q. Is x prime?
True
Let g = -5656 + 1745. Let a = 14454 + g. Is a a prime number?
False
Let d be (-15)/(3 - 6) + 3 + 1. Let i(h) = 8*h**3 + 6*h**2 + 15*h + 5. Is i(d) prime?
False
Suppose -m + 942689 = 406*i - 404*i, -5*i - 4713460 = -5*m. Is m composite?
False
Let h be ((14 - 0)/(-2))/(-1). Suppose h*b = 18*b + 957. Let a = b - -164. Is a a composite number?
True
Let d be (16/(-12))/(2/(18/(-3))). Suppose 5*v + 5*m = 45396 - 4886, -m + d = 0. Is v a composite number?
True
Let v(t) = 2*t**3 + t**2 - 61*t + 1709. Is v(59) prime?
False
Suppose -4*d + n + 332169 = 0, 0 = -2*d + 5*n - 36140 + 202247. Is d a composite number?
True
Let q(s) = 1489*s**3 - 2*s**2 + 6. Let l be q(2). Let n(b) = b**2 + 10*b + 32. Let v be n(-5). Suppose w = v*w - l. Is w prime?
False
Let p(i) = -i**3 + 8*i**2 + 3*i + 5. Let x be p(6). Let t(j) = 1 - 203*j - 147*j - x*j - 28. Is t(-6) composite?
True
Suppose 6*d = 12 - 0. Suppose -24573 = -d*z - z - 2*l, 4*z = -2*l + 32764. Is z prime?
True
Let i(w) = 180919*w**2 - 79*w + 3. Is i(-1) a prime number?
True
Is (0 - (-672591)/(-9))*(2 + 20/(-4)) a prime number?
True
Let f = -1225 + 91. Let o = 4055 + f. Is o a composite number?
True
Let o(j) = -2*j**3 - 29 + 5*j**3 - 10*j**2 - 4*j**3 - 20*j + 0. Let x be 6/6 - 130/10. Is o(x) composite?
False
Let w be (-6)/15 - (16572/(-10))/(-2). Let j = w + 1313. Suppose -3*y + 2*y = -n - 115, -4*y - 2*n + j = 0. Is y composite?
True
Suppose 15 = 5*q + 3*a + a, 3*a + 22 = q. Suppose s = -5*y - 35, s = 2*y - 0*s + q. Is 11044/66 - (-2)/y prime?
True
Let b = -28 - -33. Suppose -4*a + 2